 by 434?
16
Calculate the remainder when 58423 is divided by 18.
13
What is the remainder when 1697736 is divided by 17?
14
What is the remainder when 20083 is divided by 10032?
19
What is the remainder when 5527 is divided by 1781?
184
What is the remainder when 138337 is divided by 358?
149
Calculate the remainder when 3519 is divided by 1036.
411
Calculate the remainder when 88737 is divided by 40.
17
What is the remainder when 17328 is divided by 1570?
58
What is the remainder when 1416763 is divided by 26?
23
Calculate the remainder when 148562 is divided by 415.
407
Calculate the remainder when 53745 is divided by 1120.
1105
What is the remainder when 2947 is divided by 954?
85
What is the remainder when 1041 is divided by 1021?
20
Calculate the remainder when 17280 is divided by 378.
270
What is the remainder when 109440 is divided by 17?
11
What is the remainder when 9116 is divided by 4522?
72
Calculate the remainder when 28940 is divided by 1209.
1133
What is the remainder when 2353 is divided by 87?
4
Calculate the remainder when 186567 is divided by 338.
329
Calculate the remainder when 310947 is divided by 22.
21
What is the remainder when 4367 is divided by 21?
20
What is the remainder when 11657 is divided by 307?
298
Calculate the remainder when 6049418 is divided by 106.
104
Calculate the remainder when 20364 is divided by 219.
216
What is the remainder when 1212 is divided by 12?
0
What is the remainder when 5616 is divided by 233?
24
What is the remainder when 3443 is divided by 242?
55
Calculate the remainder when 1833 is divided by 101.
15
What is the remainder when 2169 is divided by 626?
291
Calculate the remainder when 209 is divided by 193.
16
Calculate the remainder when 149167 is divided by 35.
32
What is the remainder when 15097 is divided by 5029?
10
What is the remainder when 15532 is divided by 5177?
1
What is the remainder when 636 is divided by 55?
31
What is the remainder when 132061 is divided by 43991?
88
What is the remainder when 634 is divided by 595?
39
What is the remainder when 8493 is divided by 137?
136
What is the remainder when 11707 is divided by 1087?
837
Calculate the remainder when 881624 is divided by 75.
74
Calculate the remainder when 3473169 is divided by 26.
11
What is the remainder when 960 is divided by 32?
0
Calculate the remainder when 1006 is divided by 200.
6
Calculate the remainder when 1243 is divided by 1144.
99
What is the remainder when 31047 is divided by 62?
47
What is the remainder when 88628 is divided by 337?
334
Calculate the remainder when 3755 is divided by 1624.
507
What is the remainder when 1359 is divided by 1080?
279
What is the remainder when 6034 is divided by 1365?
574
Calculate the remainder when 918 is divided by 400.
118
Calculate the remainder when 9803 is divided by 307.
286
Calculate the remainder when 25017 is divided by 15.
12
Calculate the remainder when 1382341 is divided by 29.
27
Calculate the remainder when 643157 is divided by 70.
67
Calculate the remainder when 97367 is divided by 1003.
76
Calculate the remainder when 21227 is divided by 13.
11
What is the remainder when 4171 is divided by 816?
91
Calculate the remainder when 205446 is divided by 10812.
18
What is the remainder when 198851 is divided by 1025?
1
What is the remainder when 5442 is divided by 101?
89
Calculate the remainder when 21521 is divided by 26.
19
Calculate the remainder when 3546 is divided by 3514.
32
What is the remainder when 728814 is divided by 19?
12
Calculate the remainder when 72843 is divided by 359.
325
Calculate the remainder when 13427 is divided by 2139.
593
Calculate the remainder when 1450 is divided by 50.
0
What is the remainder when 19402 is divided by 198?
196
Calculate the remainder when 27712 is divided by 229.
3
Calculate the remainder when 1209061 is divided by 203.
196
What is the remainder when 377067 is divided by 83?
81
Calculate the remainder when 8505 is divided by 876.
621
What is the remainder when 24790 is divided by 4944?
70
What is the remainder when 34505 is divided by 17249?
7
Calculate the remainder when 1123 is divided by 544.
35
What is the remainder when 3574 is divided by 1160?
94
What is the remainder when 44205 is divided by 23?
22
Calculate the remainder when 7895 is divided by 601.
82
What is the remainder when 7548 is divided by 2493?
69
Calculate the remainder when 1293 is divided by 173.
82
What is the remainder when 99020 is divided by 135?
65
What is the remainder when 42049 is divided by 131?
129
Calculate the remainder when 58320 is divided by 540.
0
Calculate the remainder when 26666 is divided by 70.
66
What is the remainder when 32592 is divided by 837?
786
Calculate the remainder when 390476 is divided by 48.
44
Calculate the remainder when 25404 is divided by 146.
0
What is the remainder when 7392 is divided by 94?
60
What is the remainder when 7737 is divided by 3858?
21
Calculate the remainder when 7682 is divided by 77.
59
Calculate the remainder when 43931 is divided by 10981.
7
What is the remainder when 21538 is divided by 421?
67
Calculate the remainder when 38334 is divided by 142.
136
What is the remainder when 43460 is divided by 43429?
31
What is the remainder when 71119 is divided by 22?
15
What is the remainder when 3858 is divided by 3847?
11
What is the remainder when 49698 is divided by 35?
33
Calculate the remainder when 684619 is divided by 10.
9
What is the remainder when 11078 is divided by 923?
2
What is the remainder when 528938 is divided by 21?
11
Calculate the remainder when 1567 is divided by 517.
16
Calculate the remainder when 7653760 is divided by 423.
421
What is the remainder when 34774 is divided by 11540?
154
Calculate the remainder when 616679 is divided by 31.
27
What is the remainder when 233791 is divided by 23378?
11
What is the remainder when 2769 is divided by 408?
321
Calculate the remainder when 355115 is divided by 404.
403
What is the remainder when 14705 is divided by 4862?
119
Calculate the remainder when 32757 is divided by 16.
5
What is the remainder when 12082 is divided by 291?
151
What is the remainder when 185874 is divided by 2581?
42
What is the remainder when 5452 is divided by 5451?
1
What is the remainder when 5304 is divided by 213?
192
Calculate the remainder when 10003 is divided by 24.
19
What is the remainder when 2259 is divided by 1259?
1000
Calculate the remainder when 41125 is divided by 212.
209
What is the remainder when 15004 is divided by 1250?
4
What is the remainder when 6054 is divided by 1279?
938
What is the remainder when 5646 is divided by 1051?
391
What is the remainder when 660 is divided by 620?
40
Calculate the remainder when 3019 is divided by 997.
28
Calculate the remainder when 421574 is divided by 25.
24
What is the remainder when 3485887 is divided by 363?
361
What is the remainder when 150673 is divided by 66?
61
Calculate the remainder when 1239 is divided by 544.
151
What is the remainder when 2485 is divided by 1242?
1
What is the remainder when 11051 is divided by 85?
1
Calculate the remainder when 159790 is divided by 22826.
8
What is the remainder when 19010 is divided by 3796?
30
What is the remainder when 80915 is divided by 899?
5
Calculate the remainder when 1888 is divided by 451.
84
What is the remainder when 1382664 is divided by 437?
433
What is the remainder when 6872 is divided by 149?
18
What is the remainder when 4272 is divided by 1374?
150
What is the remainder when 14165 is divided by 1088?
21
Calculate the remainder when 127355 is divided by 48.
11
What is the remainder when 21114 is divided by 356?
110
What is the remainder when 502 is divided by 139?
85
What is the remainder when 1356 is divided by 16?
12
Calculate the remainder when 2886 is divided by 175.
86
What is the remainder when 5196 is divided by 380?
256
What is the remainder when 21298 is divided by 3549?
4
Calculate the remainder when 3647 is divided by 36.
11
What is the remainder when 8436 is divided by 2069?
160
What is the remainder when 249985 is divided by 15?
10
Calculate the remainder when 67720 is divided by 3975.
145
Calculate the remainder when 2041 is divided by 292.
289
What is the remainder when 12470 is divided by 499?
494
Calcul